he hundreds digit of 18916?
9
What is the tens digit of 372?
7
What is the units digit of 2463?
3
What is the hundreds digit of 1606?
6
What is the units digit of 55347?
7
What is the tens digit of 43629?
2
What is the thousands digit of 12818?
2
What is the units digit of 14698?
8
What is the tens digit of 19592?
9
What is the tens digit of 16333?
3
What is the units digit of 5035?
5
What is the units digit of 79372?
2
What is the tens digit of 1655?
5
What is the tens digit of 65?
6
What is the units digit of 17337?
7
What is the hundreds digit of 2797?
7
What is the thousands digit of 29113?
9
What is the hundreds digit of 14199?
1
What is the thousands digit of 99012?
9
What is the ten thousands digit of 31266?
3
What is the tens digit of 1293?
9
What is the hundreds digit of 29639?
6
What is the thousands digit of 1375?
1
What is the thousands digit of 1768?
1
What is the units digit of 963?
3
What is the thousands digit of 20785?
0
What is the tens digit of 2039?
3
What is the hundreds digit of 12299?
2
What is the units digit of 25666?
6
What is the units digit of 36708?
8
What is the tens digit of 4138?
3
What is the tens digit of 5198?
9
What is the units digit of 62553?
3
What is the units digit of 22247?
7
What is the units digit of 669?
9
What is the hundreds digit of 857?
8
What is the hundreds digit of 875?
8
What is the tens digit of 8120?
2
What is the tens digit of 2827?
2
What is the hundreds digit of 13272?
2
What is the tens digit of 9853?
5
What is the ten thousands digit of 11916?
1
What is the units digit of 25739?
9
What is the units digit of 141802?
2
What is the ten thousands digit of 75276?
7
What is the tens digit of 9226?
2
What is the ten thousands digit of 44341?
4
What is the hundreds digit of 2100?
1
What is the tens digit of 358?
5
What is the tens digit of 3268?
6
What is the tens digit of 2633?
3
What is the ten thousands digit of 11718?
1
What is the thousands digit of 29747?
9
What is the tens digit of 106586?
8
What is the hundreds digit of 412?
4
What is the thousands digit of 168718?
8
What is the tens digit of 58603?
0
What is the units digit of 410?
0
What is the ten thousands digit of 23858?
2
What is the tens digit of 29647?
4
What is the units digit of 1011?
1
What is the tens digit of 17035?
3
What is the ten thousands digit of 41209?
4
What is the tens digit of 22617?
1
What is the units digit of 1?
1
What is the tens digit of 22104?
0
What is the units digit of 1172?
2
What is the tens digit of 41942?
4
What is the thousands digit of 1116?
1
What is the hundreds digit of 44543?
5
What is the hundreds digit of 6037?
0
What is the units digit of 841?
1
What is the units digit of 220?
0
What is the hundreds digit of 236?
2
What is the ten thousands digit of 17643?
1
What is the units digit of 3437?
7
What is the ten thousands digit of 16439?
1
What is the tens digit of 72115?
1
What is the tens digit of 759?
5
What is the thousands digit of 1303?
1
What is the units digit of 11551?
1
What is the hundreds digit of 82247?
2
What is the units digit of 19592?
2
What is the tens digit of 6216?
1
What is the hundreds digit of 629?
6
What is the hundreds digit of 142108?
1
What is the tens digit of 1841?
4
What is the tens digit of 22946?
4
What is the hundreds digit of 143401?
4
What is the tens digit of 54?
5
What is the tens digit of 13490?
9
What is the thousands digit of 2841?
2
What is the units digit of 120684?
4
What is the thousands digit of 47307?
7
What is the ten thousands digit of 14848?
1
What is the tens digit of 328?
2
What is the units digit of 1422?
2
What is the tens digit of 6495?
9
What is the thousands digit of 32385?
2
What is the hundreds digit of 823?
8
What is the hundreds digit of 2043?
0
What is the units digit of 1084?
4
What is the units digit of 3756?
6
What is the tens digit of 813?
1
What is the units digit of 10061?
1
What is the hundreds digit of 879?
8
What is the tens digit of 7031?
3
What is the tens digit of 1349?
4
What is the hundreds digit of 110760?
7
What is the units digit of 764?
4
What is the units digit of 2076?
6
What is the hundreds digit of 4145?
1
What is the units digit of 657?
7
What is the units digit of 20182?
2
What is the hundreds digit of 1781?
7
What is the units digit of 2047?
7
What is the tens digit of 53661?
6
What is the units digit of 58901?
1
What is the tens digit of 17177?
7
What is the units digit of 55806?
6
What is the thousands digit of 11493?
1
What is the units digit of 1257?
7
What is the ten thousands digit of 22605?
2
What is the hundreds digit of 8868?
8
What is the tens digit of 2223?
2
What is the units digit of 1631?
1
What is the hundreds digit of 1007?
0
What is the units digit of 5685?
5
What is the hundreds digit of 1307?
3
What is the thousands digit of 1672?
1
What is the hundreds digit of 10370?
3
What is the hundreds digit of 173?
1
What is the thousands digit of 3896?
3
What is the hundreds digit of 4136?
1
What is the thousands digit of 13383?
3
What is the hundreds digit of 105?
1
What is the tens digit of 556?
5
What is the hundreds digit of 40350?
3
What is the thousands digit of 8585?
8
What is the ten thousands digit of 12624?
1
What is the tens digit of 928?
2
What is the hundreds digit of 1542?
5
What is the units digit of 2427?
7
What is the hundreds digit of 431?
4
What is the units digit of 1716?
6
What is the tens digit of 2784?
8
What is the thousands digit of 3975?
3
What is the units digit of 1036?
6
What is the ten thousands digit of 29097?
2
What is the thousands digit of 6574?
6
What is the units digit of 3580?
0
What is the hundred thousands digit of 166780?
1
What is the thousands digit of 4102?
4
What is the units digit of 80675?
5
What is the units digit of 519?
9
What is the tens digit of 30206?
0
What is the tens digit of 23293?
9
What is the units digit of 730?
0
What is the units digit of 84375?
5
What is the units digit of 39089?
9
What is the units digit of 99524?
4
What is the units digit of 13347?
7
What is the units digit of 858?
8
What is the hundreds digit of 3346?
3
What is the tens digit of 5175?
7
What is the hundreds digit of 96106?
1
What is the units digit of 3106?
6
What is the units digit of 50693?
3
What is the hundred thousands digit of 109351?
1
What is the tens digit of 986?
8
What is the hundreds digit of 1045?
0
What is the tens digit of 2659?
5
What is the units digit of 5489?
9
What is the hundreds digit of 4555?
5
What is the tens digit of 502?
0
What is the hundreds digit of 10385?
3
What is the tens digit of 5143?
4
What is the thousands digit of 1323?
1
What is the tens digit of 15421?
2
What is the units digit of 1201?
1
What is the hundreds digit of 1064?
0
What is the hundreds digit of 95867?
8
What is the thousands digit of 1545?
1
What is the thousands digit of 20474?
0
What is the thousands digit of 4243?
4
What is the thousands digit of 6427?
6
What is the tens digit of 26551?
5
What is the thousands digit of 2157?
2
What is the tens digit of 93330?
3
What is the tens digit of 1576?
7
What is the thousands digit of 1886?
1
What is the thousands digit of 3649?
3
What is the tens digit of 1565?
6
What is the thousands digit of 1732?
1
What is the units digit of 30169?
9
What is the thousands digit of 1140?
1
What is the tens digit of 87311?
1
What is the hundreds digit of 2208?
2
What is the thousands digit of 74545?
4
What is the tens digit of 2730?
3
What is the thousands digit of 6155?
6
What is the tens digit of 90?
9
What is the hundreds digit of 70140?
1
What is the tens digit of 20946?
4
What is the tens digit of 1802?
0
What is the hundreds digit of 557?
5
What is the hundreds digit of 16382?
3
What is the units digit of 73110?
0
What is the thousands digit of 1063?
1
What is the ten thousands digit of 19566?
1
What is the tens digit of 4761?
6
What is the thousands digit of 50577?
0
What is the hundreds digit of 3366?
3
What is the units digit of 502?
2
What is the hundreds digit of 3734?
7
What is the thousands digit of 156521?
6
What is the thousands digit of 1221?
1
What is the tens digit of 248?
4
What is the thousands digit of 15019?
5
What is the thousands digit of 83057?
3
What is the hundreds digit of 707?
7
What is the hundreds digit of